t is the greatest common factor of v and 40?
20
Suppose 0*x + 14 = 3*x - j, 2*j = -x + 7. Let o be 410/8 + x/(-20). Calculate the highest common factor of 34 and o.
17
Let u = 20 - 29. Let w be 1/2 - u/6. Suppose w*s + 0 = 14. Calculate the highest common divisor of s and 28.
7
Suppose k - 5*p = -8, k - p = 4*k - 40. Calculate the greatest common divisor of k and 24.
12
Let t = 66 + 17. Let b = t - 59. What is the highest common factor of 6 and b?
6
Suppose 0 = -3*y, 4*j + 3*y = 2*y + 24. Calculate the highest common divisor of 42 and j.
6
Let m = 9 + -2. Calculate the highest common factor of m and 1.
1
Let t = -43 + 79. Let k be t/(-14)*1*-7. Calculate the highest common factor of 3 and k.
3
Suppose 4*o - 895 = -o - 5*j, -3*o - 2*j = -536. Suppose 2*g = -2*g - 492. Let q = o + g. Calculate the highest common factor of q and 11.
11
Suppose 60 = 4*u - 4. Let g = u + 10. Calculate the greatest common divisor of 13 and g.
13
Suppose 4*k - 461 = b, -4*b + 0 - 4 = 0. Calculate the greatest common factor of 23 and k.
23
Let w(c) = c + 20. Let a be w(-14). Suppose 11*x - 30 = a*x. What is the highest common divisor of 6 and x?
6
Suppose 0 = 5*m + 3*q - 40, 9*m + 24 = 13*m + 4*q. Let n(r) = r**3 + 4*r**2 - 3*r - 1. Let z be n(-4). Calculate the highest common divisor of z and m.
11
Suppose 2*a + 2*r + 10 = 2, 2*a + r = -11. Let l = a - -20. What is the greatest common factor of l and 13?
13
Let p = -16 - -26. What is the highest common factor of p and 10?
10
Let w be 1980/50 + (-2)/(-5). Suppose -5*t + 46 + 34 = 0. Calculate the highest common divisor of t and w.
8
Let h(u) = -8*u - 7. Let b be h(-3). What is the greatest common factor of b and 17?
17
Let w(s) = 5*s**2 + 28*s + 6. Let f be w(-6). What is the greatest common divisor of f and 144?
18
Suppose -5*t = -4*i + 17 - 5, 3*i - 9 = -5*t. Suppose -r + t + 5 = c, -5*r = 4*c - 28. What is the highest common divisor of r and 8?
8
Let k be 44*(-3 + 26/8). Suppose 0 = 3*g - k - 10. Calculate the greatest common divisor of 28 and g.
7
Let x = 79 + -25. Let c be (-2 - (-6 - -2)) + 4. What is the highest common divisor of x and c?
6
Let w(f) = -f**3 + 16*f**2 + 16*f + 24. Let m be w(17). Calculate the greatest common divisor of 7 and m.
7
Suppose 2*d + 2*d - 20 = 0. Suppose -4*l + 62 = d*f, -2*f + 23 + 9 = 4*l. Calculate the greatest common factor of 5 and f.
5
Let n(d) be the third derivative of -7*d**4/24 + 4*d**3/3 + 3*d**2. Let b be n(-7). Calculate the greatest common divisor of b and 19.
19
Let v = 4 - -61. Calculate the highest common divisor of 5 and v.
5
Let q(y) be the first derivative of -y**4/4 + 5*y**3 + 11*y**2/2 + 11*y + 6. Let n be q(15). Calculate the highest common factor of 16 and n.
16
Suppose 4*u - 18 = u. Let n(w) = -w**2 + 1. Let i be n(2). Let r be -3 - i*(-10)/(-2). What is the highest common factor of r and u?
6
Suppose 0 = -3*p + 9, -2*p = -4*h - 111 - 7. Let v = 45 + h. Calculate the greatest common divisor of v and 136.
17
Let b be 2/(-10) + (-6)/(-5). Let v be (-1131)/(-9) - b/(-3). Let h be -1 - (-1)/((-2)/(-30)). What is the highest common factor of h and v?
14
Suppose -2*s - 38 = -4*a, 3 + 2 = -s. What is the greatest common factor of 63 and a?
7
Suppose -5*m + 120 = 3*f - 2*f, 0 = 3*m - 4*f - 72. Let v be (-16)/m*1*-147. What is the greatest common divisor of v and 14?
14
Let q(u) = -u + 10. Let z(a) = 6*a - 49. Let m(n) = 11*q(n) + 2*z(n). Let l be m(0). Suppose 4*i = i + 18. What is the greatest common divisor of i and l?
6
Let d(y) = 8*y + 6. Let h be d(-4). Let a = h + 46. Calculate the greatest common factor of 4 and a.
4
Suppose 105 = 3*u - 0*u - 5*s, -5*u + 5*s = -185. Suppose 12 + 12 = 4*z. Let j be (3 + 0)*u/z. Calculate the greatest common factor of j and 80.
20
Suppose -4*k + 24 = 3*s, 0*s = -2*s + 3*k - 1. Suppose -w - 36 = -s*w. Calculate the highest common factor of w and 36.
12
Suppose -4*t + 115 = t. Suppose -5*g = 2*z - 3*z + 118, 2*z - g = 272. Calculate the greatest common factor of z and t.
23
Suppose 0*a = -a - 244. Let g = 361 + a. Let c be ((-13)/4)/((-1)/4). Calculate the highest common factor of c and g.
13
Let g be 0 + 64 + -1 + 0. Let q = 107 - g. Let o be (q/5)/((-6)/(-15)). Calculate the greatest common factor of 242 and o.
22
Let x = -117 + 136. What is the greatest common divisor of x and 19?
19
Let v(j) = 2*j + 5. Let g be v(6). Let r = g - 7. Calculate the greatest common factor of r and 80.
10
Let p(k) = -k**2 + 22*k + 36. Let d be p(12). Calculate the greatest common divisor of d and 24.
12
Let l be 2/(-4) - 108/(-8). Let x = -316 - -224. Let r = 131 + x. What is the highest common factor of r and l?
13
Let f be -1 + 2 - 0 - -7. Suppose 0 = -4*u + u - 36. Let g be -1 - 4/(u/195). What is the greatest common factor of f and g?
8
Suppose 10 = h - 6. Suppose -123 - 5 = -t. Calculate the greatest common divisor of t and h.
16
Suppose -g + 3*p + 36 + 43 = 0, 0 = -5*g + p + 381. Calculate the highest common factor of g and 19.
19
Let q be 108/15 + 6/(-30). Calculate the greatest common factor of 3 and q.
1
Let a = -3 - -5. Suppose 6*m - 2*m = i + 12, 0 = a*m - i - 6. Suppose -m = 2*s - 17. What is the highest common divisor of s and 42?
7
Let u(n) = -n**2 - 24*n + 9. Let f be u(-13). Let v = f - 80. Calculate the highest common factor of 18 and v.
18
Let y(x) be the first derivative of 41*x**2 - x + 1. Let d be y(1). Let c be d/(-12)*(-8)/3. Calculate the highest common factor of c and 126.
18
Let b be (-3)/3 + 0 - 2. Let k = b - -23. Let z = 18 + -10. Calculate the greatest common factor of z and k.
4
Let c = 15 - 3. What is the highest common factor of c and 3?
3
Let i(l) be the third derivative of l**5/30 + l**4/12 - l**3/3 - l**2. Let w be i(-3). Calculate the greatest common factor of w and 20.
10
Let g(q) = 2*q + 90. Let d be g(0). Calculate the highest common divisor of 18 and d.
18
Suppose -4 - 1 = 5*p, 5*h = p + 56. Calculate the highest common factor of h and 11.
11
Suppose n = 2*n - 4. Let w(i) = 2*i**2 + 11*i + 9. Let a be w(-7). Suppose 2*g + 5*h - a = 21, -3*g + 4*h = -88. What is the highest common divisor of g and n?
4
Let q be 1 - (30 + 1/1). Let h = 79 + q. Suppose 5*s + 2*w = 4*w + 39, -4 = 2*w. Calculate the greatest common divisor of h and s.
7
Let n(g) = -g**3 - 12*g**2 - 7*g - 12. Suppose -4*f - 5*t = 43, 0 = 5*f - 2*f + 3*t + 33. Let l be n(f). Calculate the greatest common divisor of 18 and l.
18
Let f(u) = -u**2 + 10*u - 4. Let b be 1/4 + 31/4. Let t be f(b). Let a = -131 + 191. What is the greatest common factor of a and t?
12
Let p be 116/10 - 12/(-30). Suppose -4*u = -2*k + 38, -k - 2*k + 73 = 2*u. Let r = 41 - k. What is the greatest common divisor of p and r?
6
Let f = 23 + -4. Suppose j = -11 + f. Calculate the greatest common divisor of j and 56.
8
Suppose 0 = -3*b + 6*b. Suppose x - 5*i = b, -12 = -x - 3*i + 20. Let g(a) = 6*a - 92. Let r be g(17). Calculate the greatest common divisor of r and x.
10
Let l(o) = 2*o**2 - o. Let k(r) = 2*r + 1. Let x be k(-1). Let a be l(x). Suppose h - 144 = -a*h. What is the greatest common divisor of h and 24?
12
Let h = 32 + -18. Let f(l) = l**3 - 15*l**2 - 36*l + 36. Let s be f(17). What is the greatest common divisor of s and h?
2
Let q be (0 - -14)/((5 + 3)/8). Calculate the greatest common divisor of q and 126.
14
Let k = 236 + -47. Calculate the greatest common divisor of k and 21.
21
Let t(m) = -4*m + 3. Let f be t(-2). Suppose -3*g + 85 = -212. What is the greatest common factor of g and f?
11
Suppose 37 = 5*i - 3. Suppose -2*u = 4*z - i, -2*u + 4*z = -6*u + 16. What is the greatest common divisor of u and 4?
4
Let l(x) = -54*x. Let k be l(-2). Calculate the greatest common divisor of 12 and k.
12
Let u(n) = n**2 + 8*n - 12. Let t be u(6). What is the greatest common factor of t and 9?
9
Suppose -9*q = -4*q - 25. Suppose 3*a = 3*f + 2*f + 145, 2*a - 95 = 3*f. Calculate the highest common divisor of q and a.
5
Let t = 4 + -3. Let a be (-25)/(-5) + (1 - t). Calculate the greatest common factor of a and 5.
5
Suppose -2*c = 4*q + 3*c - 4, -c - 22 = -3*q. Let v be (1 + -8)*2/(-2). Suppose v*i - 3*i - 240 = 0. What is the highest common divisor of q and i?
6
Let w = 8 - 8. Suppose w = 2*m + 5 - 17. What is the greatest common divisor of m and 4?
2
Let y be ((-672)/(-